2002. What is d(-2)?
6
Let r(s) = 5*s + 229. Determine r(-30).
79
Let t(x) = x**3 + 44*x**2 - 244*x + 88. What is t(-49)?
39
Let o(v) = v**2 + 12*v + 26. Give o(0).
26
Let v(k) = -17*k**2 + 22*k - 7. Give v(6).
-487
Let q(u) = -55*u**2 + 9*u - 9. Give q(1).
-55
Let u(x) = -276*x - 1098. Give u(-4).
6
Let i(h) = 2*h**3 + 13*h**2 + 6*h + 17. Give i(-7).
-74
Let k(f) = 78*f - 716. What is k(11)?
142
Let w(p) = -48*p**2 - p - 87. Calculate w(0).
-87
Let d(n) = 3*n**2 - 70*n - 200. Calculate d(26).
8
Let p(c) = -2*c**3 - 42*c**2 - 40*c - 19. Determine p(-20).
-19
Let m(d) = -4*d**3 + 107*d**2 + 27*d - 12. Give m(27).
-12
Let f(h) = -106*h - 635. What is f(-6)?
1
Let u(y) = y**2 - 40*y - 146. Give u(0).
-146
Let t(m) = 19*m + 344. Determine t(-20).
-36
Let p(o) = -12*o - 277. Give p(-24).
11
Let s(r) = 124*r + 678. Calculate s(-5).
58
Let a(x) = -x**2 - 59*x - 641. Give a(-8).
-233
Let y(l) = 2*l**3 + 86*l**2 - 5*l - 92. What is y(-43)?
123
Let n(d) = d**3 - 19*d**2 + 24*d + 167. Give n(17).
-3
Let t(f) = 2*f**2 + 5. What is t(2)?
13
Let k(p) = -p**3 - 30*p**2 - 202*p - 40. Calculate k(-20).
0
Let z(p) = 1799*p + 12508. What is z(-7)?
-85
Let r(g) = 2*g**2 - 68*g + 119. Determine r(2).
-9
Let h(k) = 3*k - 136. Give h(31).
-43
Let f(i) = -4*i**2 + 150*i + 222. What is f(39)?
-12
Let l(p) = 2803*p - 5592. Give l(2).
14
Let x(k) = k**3 + 10*k**2 + 24*k + 142. Calculate x(-9).
7
Let v(d) = -d**2 + 61*d + 272. What is v(65)?
12
Let l(g) = g**3 + 9*g**2 - 3*g + 84. Give l(-10).
14
Let c(w) = -2*w**2 - 184*w + 10904. What is c(-133)?
-2
Let l(y) = -3*y**3 + 76*y**2 + 32*y - 221. Calculate l(26).
-741
Let o(w) = -30*w + 20. What is o(1)?
-10
Let m(k) = k**3 + 7*k**2 - 21*k - 96. Give m(-8).
8
Let n(g) = 2*g**3 - 81*g**2 + 36*g + 51. Calculate n(40).
-109
Let u(k) = -4*k**2 + 36*k - 24. Determine u(9).
-24
Let h(n) = -n**3 - 9*n**2 - 5*n + 17. Calculate h(-6).
-61
Let t(p) = 2*p**2 + 80*p - 569. What is t(-46)?
-17
Let z(d) = 2*d**2 + 68*d + 394. What is z(-34)?
394
Let y(o) = -23*o - 2. Determine y(0).
-2
Let x(f) = f**3 + 13*f**2 - 79*f - 27. Determine x(5).
28
Let n(j) = -3544*j - 35435. Give n(-10).
5
Let k(d) = 327*d - 1961. Calculate k(6).
1
Let j(z) = 63*z - 88. Give j(3).
101
Let b(d) = -89*d - 52. Give b(-2).
126
Let r(j) = 35*j - 93. Calculate r(3).
12
Let z(w) = 9*w**2 - 58*w + 47. Calculate z(4).
-41
Let o(k) = -18*k - 683. Give o(-38).
1
Let f(m) = 6*m**2 - 67*m + 66. Give f(1).
5
Let h(i) = -42*i**2 - 13*i - 16. Calculate h(-2).
-158
Let w(b) = -14*b + 946. Calculate w(69).
-20
Let p(k) = 44*k + 797. Give p(-16).
93
Let h(i) = 3*i**2 + 91*i + 42. Give h(-24).
-414
Let s(q) = 2*q**2 + 34*q + 131. What is s(-7)?
-9
Let x(n) = -20*n**2 - 6*n + 14. Calculate x(2).
-78
Let i(k) = -k**3 + 28*k**2 - 76*k - 103. Give i(25).
-128
Let g(u) = 10*u**2 + 52*u - 81. Calculate g(-6).
-33
Let g(o) = -4*o**2 - 1113*o + 6823. What is g(6)?
1
Let b(m) = 28*m - 29. What is b(-8)?
-253
Let j(p) = 3*p**2 + 193*p + 429. Calculate j(-62).
-5
Let g(f) = f**3 + 12*f**2 + 18*f - 8. What is g(-11)?
-85
Let b(i) = i**3 + 7*i**2 - 25*i + 24. Calculate b(2).
10
Let b(n) = n**2 + 3*n + 15. Calculate b(0).
15
Let r(q) = q + 91. Give r(30).
121
Let a(z) = z**2 - 8*z - 724. Calculate a(-25).
101
Let k(a) = 94*a + 1991. What is k(-22)?
-77
Let y(i) = -16*i**2 + 154*i + 79. What is y(10)?
19
Let y(q) = -250*q + 1935. Give y(8).
-65
Let m(y) = -131*y + 184. Determine m(2).
-78
Let t(h) = h**3 - 21*h**2 + 31*h - 80. What is t(19)?
-213
Let g(x) = -x**3 - 18*x**2 + 57*x + 297. Calculate g(-20).
-43
Let a(t) = -1097*t - 6633. What is a(-6)?
-51
Let w(m) = -m**3 + 16*m**2 - 64*m + 1336. Give w(17).
-41
Let z(i) = -3*i**2 - 157*i + 72. Give z(-51).
276
Let y(r) = -9*r**2 - 1658*r + 1301. What is y(-185)?
6
Let l(f) = -2*f**3 - 55*f**2 + 441*f - 19. Determine l(-34).
15
Let a(j) = -j**3 + 13*j**2 + 10*j + 68. What is a(14)?
12
Let z(d) = -16*d - 110. Give z(-6).
-14
Let q(k) = k**3 - 39*k**2 + 41*k - 104. What is q(38)?
10
Let t(s) = -95*s - 16136. What is t(-170)?
14
Let g(a) = -8363*a + 58537. Determine g(7).
-4
Let t(r) = 6*r - 321. Determine t(19).
-207
Let d(k) = -k**3 + 31*k**2 - 61*k + 69. Give d(29).
-18
Let s(a) = 33*a + 350. Give s(-14).
-112
Let i(b) = -b**2 - 71*b - 1069. Give i(-23).
35
Let y(q) = q**3 - 162*q**2 - 88*q + 14253. Calculate y(162).
-3
Let g(j) = -881*j + 10576. Determine g(12).
4
Let y(m) = -90*m + 74. Determine y(1).
-16
Let f(w) = -3*w**3 + 54*w**2 + w - 75. Determine f(18).
-57
Let f(o) = -3*o**3 - 11*o**2 - 10*o - 61. What is f(-6)?
251
Let h(w) = w**3 - 16*w**2 + 60*w - 27. Determine h(11).
28
Let j(x) = 1384*x**2 + 8320*x + 12. Calculate j(-6).
-84
Let u(i) = -i**3 + 12*i**2 - 9*i + 30. Calculate u(9).
192
Let c(b) = -139*b**2 + 693*b + 11. What is c(5)?
1
Let z(o) = -50*o - 556. Calculate z(-7).
-206
Let u(v) = 2*v**2 - 66*v - 208. Calculate u(36).
8
Let y(k) = k**2 - 10*k + 21. Calculate y(7).
0
Let h(f) = 15*f + 82. Determine h(-5).
7
Let k(w) = 30*w + 6901. Give k(-230).
1
Let z(j) = -157*j + 634. Calculate z(4).
6
Let x(v) = v**2 + 13*v + 52. What is x(-18)?
142
Let a(k) = 423*k + 3362. What is a(-8)?
-22
Let n(c) = 6*c**2 - 71*c - 344. Give n(14).
-162
Let j(m) = 4*m**3 + 25*m**2 - 372*m + 1. Give j(7).
-6
Let f(n) = n**3 - 74*n**2 + 73*n + 5106. What is f(72)?
-6
Let s(g) = 14*g**2 + 451*g + 112. What is s(-32)?
16
Let h(s) = s**3 + 13*s**2 - 43*s - 64. Determine h(-16).
-144
Let k(f) = -8*f**2 + 90*f - 368. Give k(4).
-136
Let g(j) = 201*j + 20711. Give g(-103).
8
Let v(k) = -k**3 + 48*k**2 - 70*k - 1030. Determine v(46).
-18
Let k(r) = -22*r**2 - 275*r - 57. Determine k(-12).
75
Let k(s) = 3*s**2 + 25*s - 16. Determine k(-9).
2
Let s(r) = 2*r**3 + 65*r**2 + 32*r + 30. Give s(-32).
30
Let v(f) = 260*f + 1799. What is v(-8)?
-281
Let o(b) = -b**3 - 48*b**2 - 30*b + 801. Calculate o(-47).
2
Let j(z) = 197*z - 25. What is j(1)?
172
Let l(u) = 81*u - 66. Determine l(2).
96
Let r(l) = -8*l**3 - 133*l**2 + 52*l - 10. What is r(-17)?
-27
Let z(m) = 264*m - 1335. What is z(5)?
-15
Let t(m) = 2*m**2 - 56*m + 70. Calculate t(25).
-80
Let m(w) = 3*w**2 + 94*w - 101. Determine m(-34).
171
Let v(s) = 3*s**3 + 118*s**2 - 76*s + 177. Give v(-40).
17
Let d(r) = -4*r**2 - 115*r + 22657. Give d(-91).
-2
Let v(z) = -z**3 - 35*z**2 - 33*z + 185. Give v(-3).
-4
Let o(q) = -8*q**2 + 10*q + 15. Give o(-3).
-87
Let y(p) = p**3 + 6*p**2 + 23*p + 12. Give y(-10).
-618
Let s(i) = 17*i**3 - 3*i**2 + 3*i + 7. Give s(-2).
-147
Let n(x) = -x**3 + 36*x**2 - 149*x - 36. Determine n(5).
-6
Let z(t) = -t**2 + 178*t + 8975. Determine z(-41).
-4
Let m(n) = n**2 + 29*n + 133. What is m(-23)?
-5
Let v(h) = -274*h + 2733. What is v(10)?
-7
Let n(v) = 60*v + 710. Determine n(-10).
110
Let a(h) = -2*h**3 + 13*h**2 - 1357*h + 9542. Calculate a(7).
-6
Let d(z) = 21*z**2 - 29*z + 5. Determine d(1).
-3
Let g(w) = -w**3 - 8*w**2 - 12*w - 199. Give g(-9).
-10
Let d(b) = b**3 - 73*b**2 - 225*b - 209. Determine d(76).
19
Let u(h) = h**3 - 214*h**2 - 867*h - 1100. Give u(218).
-10
Let i(q) = 837*q - 1711. Give i(2).
-37
Let u(c) = c**2 + 39*c + 109. What is u(-27)?
-215
Let w(g) = g**3 + 37*g**2 - 42*g - 136. What is w(-38)?
16
Let j(p) = 8*p**3 - p**2 + 22*p + 24. Give j(-1).
-7
Let l(d) = d**3 + 6*d**2 + 106*d + 1772. Determine l(-11).
1
Let b(v) = -v**2 - 52*v - 962. Give b(-18).
-350
Let d(c) = -c**2 + 8*c + 157. Calculate d(-8).
29
Let u(m) = m**3 - 15*m**2 - 7*m - 142. Calculate u(16).
2
Let y(a) = 30*a**2 - 218*a - 476. What is y(9)?
-8
Let z(m) = m**3 - 2*m**2 - 91*m + 186. Give z(2).
4
Let z(l) = l**2 - 61*l + 772. Determine z(42).
-26
Let l(y) = 2841*y - 11359. Give l(4).
5
Let a(q) = 2*q**2 - 96*q + 189. Give a(2).
5
Let y(u) = -u**3 - 19*u**2 + 199*u + 128. What is y(8)?
-8
Let g(j) = 91*j - 356. Calculate g(4).
8
Let k(h) = -3*h**2 + 9*h + 11. What is k(9)?
-151
Let l(v) = -4*v - 73. Calculate l(-4).
-57
Let a(l) = 660*l + 7258. Give a(-11).
-2
Let o(f) = -f**3 - 50*f**2 + 53*f + 64. Determine o(-51).
-38
Let h(j) = -j**2 + j - 80. Determine h(-14).
-290
Let q(w) = -46*w**2 + 10*w - 27. Determine q(2).
-191
Let q(k) = -2*k**2 + 136*k + 149. Calculate q(68).
149
Let j(w) = -33*w + 4. Give j(-9).
301
Let y(q) = -1119*q - 33572. Give y(-30).
-2
Let t(m) = -34*m + 1919. Determine t(